ime factors of b(-10).
2, 11, 37
Let d(u) be the second derivative of -u**6/60 - u**5/60 + u**4/12 + u**2 + 10*u. Let r(x) be the first derivative of d(x). List the prime factors of r(-3).
3, 13
Let m(s) = 13*s - 1. Let k be m(1). Suppose 2*y - 3*y = k. Let r = 14 + y. What are the prime factors of r?
2
Let j(q) = -q**3 + 15*q**2 - 8*q + 43. What are the prime factors of j(7)?
379
List the prime factors of (4 - (-2432)/(-24))*-6.
2, 73
Let k = -726 - -1104. Suppose 8*a = a + k. List the prime factors of a.
2, 3
What are the prime factors of ((-10)/104 + 2/(-13))*-2164?
541
Let b = 16 + -19. Let i(r) = -r - 1. Let d be i(b). Suppose 0*x - 4*x = -d*m + 60, -3*x = 5*m - 124. What are the prime factors of m?
2, 13
Suppose -387 = 2*j + 3*r - 1640, -2*j = -4*r - 1232. What are the prime factors of j?
2, 311
Suppose 21 - 1 = 5*n. Suppose d = -n*d. Suppose 6*o - 305 + 23 = d. List the prime factors of o.
47
Let g(o) = -2*o - 34. Let d be g(-18). Suppose -2*r + 351 = m + d*m, -m - 3*r + 117 = 0. List the prime factors of m.
3, 13
Let t be (-9)/(-12)*32/12. Let j(q) = q - 4*q + 3*q + 3*q + t. List the prime factors of j(8).
2, 13
Let d = 56 - 24. Let u = 228 - 217. Let v = d - u. What are the prime factors of v?
3, 7
Suppose -4 - 11 = -5*z. Let f be (-15)/z + (-16)/4. Let u = -2 - f. What are the prime factors of u?
7
Let g(q) = -4*q - 4. Let i be g(-2). Let k be 3 - (8 - (0 + i)). What are the prime factors of (-69)/(-9) - k/3?
2
Let s = 7 - 3. Suppose -3*u = 3*p - 54, -s*u + 87 = -2*p + 3*p. Suppose 5 = -3*o + u. List the prime factors of o.
2, 3
Let r(x) = 7*x - 32. List the prime factors of r(27).
157
Let s be -5*(-1 - 2) + 3. Let f = 26 + s. Suppose h + 1 = f. What are the prime factors of h?
43
Suppose -7*k + 11*k - 900 = 0. What are the prime factors of k?
3, 5
Suppose -66 - 27 = -3*p. Let h = 83 - p. What are the prime factors of h?
2, 13
Let u = 54 + -49. Suppose g = 3*s - g - 117, u*s - 195 = -5*g. List the prime factors of s.
3, 13
Let x be 70/(-7)*12/20. List the prime factors of (-2)/(-2)*-5*48/x.
2, 5
Let u = 13 - 9. Suppose -u*r + j = 111, -4*r + 32 - 137 = j. What are the prime factors of ((-20)/6)/(6/r)?
3, 5
List the prime factors of (-204)/(-2)*5/2.
3, 5, 17
Suppose 31*z = 38992 + 6082. List the prime factors of z.
2, 727
Suppose 0 = -145*q + 141*q + 3420. What are the prime factors of q?
3, 5, 19
Suppose -3*m = 3*w - 6, 3 = 2*m + 9. Let p = w - 0. Suppose -2*f = -p*u + f + 17, f = -u + 5. What are the prime factors of u?
2
Let v = 16 + -13. Let u(o) = 0*o - 3 + 11 - 2*o + 5*o**2 - o**v. What are the prime factors of u(4)?
2
Let k(l) = l**2 + l + 3. Suppose -8 - 7 = -y. Let m = y + -10. What are the prime factors of k(m)?
3, 11
Suppose z - 5 = -3*b - 1, -4*b = z - 7. Suppose b*o + 43 = r, 56 = 3*r - o - 41. What are the prime factors of r?
31
Suppose 17*o - 72 = 8*o. Let a(l) = -l**3 + 10*l**2 - 6*l + 3. What are the prime factors of a(o)?
83
Let l = -627 + 1340. What are the prime factors of l?
23, 31
Suppose -4*n = 19 + 17. Let q(z) be the first derivative of -z**4/4 - 8*z**3/3 + 7*z**2/2 - 11*z - 3. What are the prime factors of q(n)?
7
Let a(m) = m**2 + 2*m - 5. Let z be a(0). Let y(x) = -15*x + 3. List the prime factors of y(z).
2, 3, 13
Let p(z) = 7*z**2 + 17*z + 47. What are the prime factors of p(-12)?
23, 37
Suppose 22 = 4*u + 10. What are the prime factors of 1*(3/u + 44)?
3, 5
Let z(n) = 38*n**2 - 1. Suppose -3 = -2*w - w. Let u be z(w). Let j = u + 1. List the prime factors of j.
2, 19
Let y(a) = 8*a - 17. Suppose 0 = 2*u - 3 - 15. List the prime factors of y(u).
5, 11
Suppose 5*k - 3*s = 2*s + 405, -4*s - 166 = -2*k. What are the prime factors of k?
79
Suppose 6*h + 1473 = g + h, 3*h + 12 = 0. What are the prime factors of g?
1453
Suppose 0 = 204*r - 221*r + 3383. List the prime factors of r.
199
Let y = 1529 - 667. List the prime factors of y.
2, 431
Let k(s) = 2*s**3 + 33*s**2 + 59*s + 15. What are the prime factors of k(-14)?
13
Let p(c) = -c**2 + 5*c + 4. Let x be p(7). List the prime factors of -87*x/9*18/15.
2, 29
Suppose 2*l = 5*b + 6, 4*l - 12 = b - 6*b. Suppose 2*v + 71 = l*v + 3*w, -3 = -w. What are the prime factors of v?
2, 31
Suppose -5*z - 4*x = -5192, z - 3*x - 5206 = -4*z. Suppose -11*f + 15*f - z = 0. List the prime factors of f.
2, 5, 13
Suppose 19*j - 17*j - 2512 = 0. What are the prime factors of j?
2, 157
What are the prime factors of 390 + 0 + (6 - (7 + 1))?
2, 97
Suppose 0 = 52*l - 46*l - 6972. List the prime factors of l.
2, 7, 83
Suppose -1798 - 307 = -5*d. List the prime factors of d.
421
Suppose -3*x = -2*t + 247, 0*t - 121 = -t + 2*x. Let y = t - 119. List the prime factors of y.
2, 3
Let t be (-4)/(-1) + 7/(-1). Let p(b) = -3*b + 5. List the prime factors of p(t).
2, 7
Suppose -c + 3470 = 5*s, 3*s - 32*c - 2095 = -30*c. List the prime factors of s.
5, 139
Let g(l) = 3*l - 3. Let p be g(2). Let v be (2/p)/(2/15). Suppose t + 14 = v*h, 2*h + 2*h - 12 = t. What are the prime factors of h?
2
Let x(g) = g + 3*g + 0 - 5 + 9. Let f be x(12). Suppose -2*m + 4*j - 5*j = -f, 5*m + 4*j - 127 = 0. What are the prime factors of m?
3
List the prime factors of 84/36*(300 + 3).
7, 101
Suppose 4*p = -p + 5*f - 30, 5*f + 15 = -4*p. Let v(t) = -3*t**3 - 11*t**2 + 5*t - 1. List the prime factors of v(p).
2, 37
Suppose -2*j - 3*j + 70 = 0. Let t be (j/(-4))/(10/(-20)). What are the prime factors of (-55 + t)*(-2)/4?
2, 3
Let b be 2/(-1 - -3)*3. Suppose -19 - b = -u. List the prime factors of u.
2, 11
Let n(j) = 100 - 100 + 10*j. List the prime factors of n(4).
2, 5
Suppose -5*g + 25 = -0. Let z = g - -24. List the prime factors of z.
29
Suppose -23*t = -27*t - 12, 3*r - 5*t - 7824 = 0. List the prime factors of r.
19, 137
Suppose -591 = -2*v - 3*d, v - 3*v + 2*d = -596. Suppose 4*y + y + v = 4*o, -y = 3*o - 237. What are the prime factors of o?
2, 3, 13
Suppose 0 = i - 13 - 14. Suppose x - 48 = -4*p, 8*p - 4*p - 4*x - 28 = 0. Suppose -i = -d - p. List the prime factors of d.
2
Let z(c) = 6*c**2 - c. Suppose -3*o - 15 + 2 = -2*u, -2*u - 3*o = 5. Let q be (-1)/u - 24/(-16). List the prime factors of z(q).
5
Let y be 30204/(-216) - (-2 + 1)/(-6). What are the prime factors of (-959)/(-5) - 28/y?
2, 3
Let n(x) = x**2 - 6. Let v be n(3). Suppose -v*i + 71 = -541. List the prime factors of i.
2, 3, 17
Suppose i = -u + 1, 4 - 7 = -2*u - i. Suppose -3*n = -w + 31, -u*w - 140 = -6*w - 4*n. What are the prime factors of w?
2, 17
Let b = -42 + -71. Let v = b + 176. List the prime factors of v.
3, 7
Let p = -103 + -163. Let k = p - -497. List the prime factors of k.
3, 7, 11
Suppose -7*h - 6 = -9*h. List the prime factors of 241 - h - (-2 - 3).
3
Let m = 12739 - 8437. List the prime factors of m.
2, 3, 239
Let o = 56 + 64. Suppose -4*a = -o - 80. List the prime factors of a.
2, 5
Suppose m - 17*a = -14*a + 2235, 3*m + a - 6705 = 0. What are the prime factors of m?
3, 5, 149
Let v(j) = j**2 + j + 7. Let h be v(-7). Suppose 4*c + 209 = h. Let r = 73 + c. List the prime factors of r.
3, 11
What are the prime factors of (-7)/28*-3788 - 10?
937
Let u be 4/(-14) + 5/(-7). Let n be ((-28)/8)/(65/(-10) + 6). Let f = u + n. List the prime factors of f.
2, 3
Suppose 3*z + 15 = 3*t, -3*t - 6 + 31 = -5*z. List the prime factors of (0 + 3/(-3))/(z/385).
7, 11
List the prime factors of (-6)/21 - (-4)/28*1129.
7, 23
Let s = -47 - -50. Suppose s*x - 2*g - 80 = 0, -2*g = -6*x + 5*x + 28. List the prime factors of x.
2, 13
Let j = 12 + -15. Let t(z) be the third derivative of -z**4/24 - z**2. What are the prime factors of t(j)?
3
Let z be (7 - 5) + (-2)/((-6)/9). Suppose -2*y + 297 = z*s, -y = 4*s + 3*y - 228. List the prime factors of s.
61
Let c(p) = -12*p**3 + 8*p**2 + 50*p + 1. What are the prime factors of c(-5)?
1451
Let l(w) = w**3 - 4*w**2 - 4*w + 3513. What are the prime factors of l(0)?
3, 1171
Let l(n) = 74*n**2 + n. Let a be l(1). Suppose -4 = -2*i - t + a, -3*t - 15 = 0. List the prime factors of i.
2, 3, 7
Suppose -2*k = 4*s - 7*k - 57, -4*k = 4. Let t be 0 + 0 + -7*3. Let w = s - t. What are the prime factors of w?
2, 17
Suppose 5*t - 2*q - 34 = -10, -q = -3*t + 15. Let b be t/(-27) - (-1400)/63. List the prime factors of b - ((-4)/4 - -5).
2, 3
Suppose 3*k + 5*f = 70, 4*k = -0*k + 3*f + 103. Let x = k + -22. Suppose 0 = -x